 What is the hundreds digit of d?
1
Suppose -h = 5*j + 7 + 11, -h = 2*j + 9. Let l(u) = u**3 + u - 8. Let b be l(0). Let o = h - b. What is the units digit of o?
5
Let h = 19 + -15. What is the units digit of h?
4
Let y = -6 + 2. Let p be (-3)/6 - 14/y. Suppose 2*j = 5*j - p*q - 42, -25 = -5*j - 4*q. What is the units digit of j?
9
Let a be (5 - 1)/(12/36). Suppose d = a - 0. What is the tens digit of d?
1
Let i(y) = -y**3 + 4*y**2 + 4. Suppose j = -p + 1 + 1, -3*j = 5*p - 14. What is the units digit of i(p)?
4
Suppose -o - 4*u = -39, -4*u = -5*o - 0*u + 99. Let n = -11 + o. What is the tens digit of n?
1
Suppose f = -0*f + 10. Let n be (3/2)/(3/f). Suppose -32 - 53 = -n*c. What is the units digit of c?
7
Let a = -59 + 140. What is the units digit of a?
1
Let g be 6/9 + 4/3. Suppose 3*z = -5*y + 132, -3*y = -g*z - 6*y + 88. What is the units digit of z?
4
Suppose 200 = 11*i - 7*i. What is the tens digit of i?
5
What is the units digit of (648/42)/((-6)/(-63))?
2
Let p = -90 + 217. Suppose -3*k + p - 4 = 0. Suppose j + k = 2*o + 2*o, 2*o - 8 = -2*j. What is the units digit of o?
9
Let k(f) = -f**3 - 3*f**2 - 4*f - 4. Let b be k(-3). Let t be 8/(-40) + b/(-10). What is the tens digit of 36/(3 + t) - 2?
1
Let z(x) = -x**2 + 4*x + 5. Let t be z(4). Suppose 75 = t*b - 0*b. What is the units digit of b?
5
Suppose -7 = 4*d + 57. Let k be d/10 - (-15)/25. What is the units digit of k/4 + 5/4?
1
Let u(y) be the first derivative of 3*y**2 - 3. What is the units digit of u(1)?
6
Let c be 6/(-12) + 130/4. Suppose -2*u = -62 - c. What is the units digit of u?
7
Let g be (-1 + 2)/(-1 - -2). Let u(m) = -35*m**2 - 14*m + 3. Let o(j) = -12*j**2 - 5*j + 1. Let a(i) = 11*o(i) - 4*u(i). What is the units digit of a(g)?
8
Suppose 2*v + 5*h - 31 = 0, 19 = 2*v + 2*h + 3. Suppose -105 - v = -4*m. What is the tens digit of m?
2
Let l(t) = t**2 - 7*t - 5. Let m be l(7). Let z = m + 11. Suppose 4*w = -z - 2, 0 = 5*j + 5*w. What is the units digit of j?
2
What is the tens digit of 7*7*(-60)/(-42)?
7
Let v be 0/(-2 - (-2 - -1)). Suppose 0 = 3*u + 3*p - 42, -5*u - 4*p + v*p + 68 = 0. What is the units digit of u?
2
Suppose -2*k = 1 + 23. What is the units digit of (-2)/k - (-1177)/66?
8
Let m be (2/5)/((-5)/(-50)). Suppose -3 = -g + 3*b, 0 = -g + 3*g + m*b + 24. What is the units digit of -21*((-2)/g + -1)?
4
Let k be (-2)/(-8) - 153/(-12). Suppose -w + 16 = o - k, 2*o = 8. What is the tens digit of w?
2
Suppose x - 3*u - 19 = 0, 13 = x + x - u. Let s = x + 0. Suppose -2*n = -s*m - 46, 0*m + 53 = 3*n + 2*m. What is the units digit of n?
9
Let s = -34 - -94. What is the units digit of s?
0
Suppose 0 = 15*h - 19*h + 1072. What is the units digit of h?
8
Suppose 5*i - 8*i = -72. Let s = 55 - i. What is the units digit of s?
1
Let t(x) = x**3 - x**2. Let h be t(3). Suppose -h = -2*b - 0. What is the units digit of b?
9
Suppose -b = -0*b - 10. Let a = b + -5. What is the units digit of a?
5
Let v be 2/(-8) + (-51)/4. Let f = 25 + v. What is the units digit of f?
2
Suppose 0*v + 4*v + 3 = l, 5*v + 20 = 0. Let w = -4 - l. What is the units digit of w?
9
Let r(j) = -j**3 - 13*j**2 + 16*j + 37. What is the hundreds digit of r(-15)?
2
Let z(r) = r**3 + 2*r**2 + r - 2. Let f be z(-2). What is the units digit of 9/((15/f)/(-5))?
2
Suppose u = 5*u - 5*r - 27, -2*u - r + 3 = 0. Suppose -3 = -4*f + u*f. What is the units digit of f?
3
Let n(p) = p**3 + 6*p**2 - 2*p - 2. Let b be n(-6). Suppose 3*d - 2*k - b = 2*k, 1 = -2*d - 5*k. Let q = d + 5. What is the units digit of q?
7
Let a be (5/(-4))/(8/(-96)). Let o = a - 10. What is the units digit of o?
5
Suppose 8*l = 5*l + 1200. What is the hundreds digit of l?
4
Suppose -3*j + j + 26 = 0. What is the units digit of j?
3
Let r(l) = -l**3 + l**2 - 7 - 7*l + 0 - 7*l**2. Let n be r(-5). Suppose -u - n*k = -14, -u + k = -k + 1. What is the units digit of u?
5
Suppose -3*u = -6, -5*q + u + 38 = -65. What is the units digit of q?
1
Let d be (-46)/6 - 8/(-12). Let a = -4 - d. Suppose -a*z - 2 = -8. What is the units digit of z?
2
Let o be (3 - 1)/(2/5). Suppose 12 = 2*d + 4*z, -o*d + 0*z + z + 19 = 0. What is the units digit of d?
4
What is the tens digit of (-3 + 1)*324/(-2)?
2
Let o(y) be the first derivative of y**2/2 + 11*y - 1. Let a be o(-7). What is the units digit of a - (0 + -2 + 1)?
5
What is the units digit of ((-68)/(-10))/(8/20)?
7
Let m = 40 - -24. What is the units digit of m?
4
Suppose -55 - 240 = -5*p. What is the units digit of p?
9
What is the units digit of (-1)/(-6)*(-10 + -114)*-3?
2
Suppose 0 = c - x - 42, 77 = 2*c + 2*x + 3*x. What is the units digit of c?
1
Let i = 123 - -30. What is the tens digit of i?
5
What is the units digit of 4/16 + (-33)/(-12)?
3
What is the tens digit of (-2 - -4)*217/14?
3
Let a(w) = -w**2 + 6. Let z(o) = 2*o**2 + o - 12. Let j(b) = -5*a(b) - 2*z(b). Let f be j(5). What is the units digit of -2*(-3)/(-2) + f?
6
Let b(x) = x**3 - 5*x**2 + 2. Let o = -3 - -8. What is the units digit of b(o)?
2
Let m(f) = f**2 - 6*f + 3. Let x(r) = -r**3 - 9*r**2 - 8*r + 3. Let b be x(-8). Let h be m(b). Let c = 10 + h. What is the units digit of c?
4
Let s be 39/5 + (-4)/(-20). Let u(m) = -5*m - 3*m + m - s*m. What is the tens digit of u(-1)?
1
Suppose -2*k - 9 = -c, 2*c + 2*k = 4*k + 12. Suppose -d + c*v = 2, 3*d - 5*d - 2*v + 12 = 0. What is the units digit of d?
4
Let g(u) be the second derivative of -u**5/20 - 7*u**4/6 - u**3/2 - 7*u**2 - 2*u. What is the units digit of g(-14)?
8
Let x be (-20)/90 - 22/(-18). What is the units digit of (-8)/(3 - 3 - x)?
8
What is the tens digit of (-264)/(-15) + 12/(-20)?
1
Let v = -10 + 11. Suppose 37 = 4*q + v. What is the units digit of q?
9
Let r = -19 + 33. Suppose r*a = 13*a + 26. What is the tens digit of a?
2
Let z(r) = r + 4. Let g be z(-3). Let x(o) = -o + 9 - g + 6. What is the units digit of x(6)?
8
What is the hundreds digit of (-18)/33 - 4038/(-22)?
1
Let c = 34 - 11. Suppose 0*r + 4*w = 5*r - 35, -c = -r + 4*w. What is the units digit of r?
3
Let l = 130 - 70. What is the units digit of l?
0
Suppose -20 = -2*v - 8. Suppose -v*h + 7*h - 1 = 0. What is the units digit of h?
1
Let a be (-61)/(-6) - 2/12. Suppose 5*i + 5*w = a, -2*w + 1 + 0 = -i. Let n = i + 1. What is the units digit of n?
2
Suppose 0 = -4*n + z - 5*z - 16, -5*n + 3*z - 36 = 0. What is the tens digit of (n - -3)*(-11)/3?
1
Let f be (-424)/14 + 2/7. Let k be (-618)/f - 3/5. Suppose -2*s - 32 = -3*x, 2*x + 2*s - k = 8. What is the tens digit of x?
1
Let f(x) = -7*x**3 - 2*x**2 + 3*x + 2. Let h be f(-2). Suppose 3*z + 13 = 2*g, -4*z = -g + 5 + 4. What is the units digit of (h/8)/(z/(-2))?
1
Let g(k) = 8*k**2 + 4*k + 5. What is the hundreds digit of g(-4)?
1
Suppose -5*l + 10*l + 10 = 0. Let d be -1*1 - (4 + l). Let a(j) = j**2 - 3. What is the units digit of a(d)?
6
Suppose -2*d = -i - 8, 4*d - 2*d - 5*i = 24. Suppose 3*l + d*l = 50. What is the tens digit of l?
1
Suppose -5*w + 63 = -57. What is the tens digit of w?
2
Let i = 17 - 15. What is the units digit of 58/i - (0 + 2)?
7
Let c = 161 - -46. What is the tens digit of c?
0
Let t be (4 - 522) + (0 - 1). What is the units digit of 2/(-9) + t/(-27)?
9
Let d(s) = -s**2 + 2*s - 1. Let j be d(1). Let o(h) = h**2 + 3*h - 1. Let u be o(-4). Suppose 5*f + 5 = -j, 5*a = -u*f + 87. What is the units digit of a?
8
Suppose h = 5*g - 2*h - 632, -5*g + 637 = 2*h. What is the units digit of g?
7
Let l(a) = 2*a**2 - a - 2. Let y be l(2). Let d(f) = -6*f**2 - 2*f**3 + 5*f**3 + 8*f + 8 - y*f**3. What is the units digit of d(-7)?
1
Let d(v) = -v. Let q(s) = 8*s - 1. Let o(p) = -5*d(p) - q(p). What is the tens digit of o(-3)?
1
Suppose 3*g - 5 = -2*g. Let s be 97/(-3) - g/(-3). What is the units digit of s/12*6/(-4)?
4
Let l(d) be the third derivative of -d**6/120 + 7*d**5/60 - 5*d**4/24 - d**3/3 + 4*d**2. What is the units digit of l(6)?
4
Suppose 0 = i - 65 + 13. What is the units digit of i?
2
Let f = -6 - -10. Suppose 28 = f*u - 36. What is the units digit of u?
6
Suppose 122 = 4*k - 70. What is the units digit of k?
8
What is the units digit of -355*1*1/(-5)?
1
Suppose 2*q - 2*f = 2*f + 246, -246 = -2*q + 3*f. What is the units digit of q?
3
Let q(s) = -3*s + 2*s**2 - 2*s + 2*s - 4. Let n = 0 + 3. What is the units digit of q(n)?
5
Suppose 38 = 3*u - 4*w -